{"id":22,"date":"2025-05-12T15:32:56","date_gmt":"2025-05-12T13:32:56","guid":{"rendered":"https:\/\/www.domainedelepine.fr\/prod\/?page_id=22"},"modified":"2026-02-13T11:00:14","modified_gmt":"2026-02-13T10:00:14","slug":"lesvins","status":"publish","type":"page","link":"https:\/\/www.domainedelepine.fr\/index.php\/lesvins\/","title":{"rendered":"Les Vins"},"content":{"rendered":"\n<div style=\"height:40px\" aria-hidden=\"true\" class=\"wp-block-spacer\"><\/div>\n\n\n\n<div class=\"wp-block-uagb-container uagb-block-eac39695 alignfull uagb-is-root-container\"><div class=\"uagb-container-inner-blocks-wrap\">\n<div class=\"wp-block-uagb-buttons uagb-buttons__outer-wrap uagb-btn__default-btn uagb-btn-tablet__default-btn uagb-btn-mobile__default-btn uagb-block-c234a892\"><div class=\"uagb-buttons__wrap uagb-buttons-layout-wrap \"><\/div><\/div>\n\n\n\n<div class=\"wp-block-buttons is-content-justification-center is-layout-flex wp-container-core-buttons-is-layout-a89b3969 wp-block-buttons-is-layout-flex\">\n<div class=\"wp-block-button\"><a class=\"wp-block-button__link wp-element-button\" href=\"https:\/\/boutique.domainedelepine.fr\">Boutique en ligne<\/a><\/div>\n<\/div>\n<\/div><\/div>\n\n\n\n<div style=\"height:40px\" aria-hidden=\"true\" class=\"wp-block-spacer\"><\/div>\n\n\n\n<h1 class=\"wp-block-heading has-text-align-center\" id=\"aocquincy\" style=\"font-size:40px\">Les vins AOC Quincy<\/h1>\n\n\n\n<div class=\"wp-block-uagb-container uagb-block-a9aad8db alignfull uagb-is-root-container\"><div class=\"uagb-container-inner-blocks-wrap\">\n<div class=\"wp-block-uagb-container uagb-block-b9a6c52b\">\n<figure class=\"wp-block-image size-full is-style-default\" style=\"margin-bottom:0px\"><a href=\"#brave_open_popup_649\"><img loading=\"lazy\" decoding=\"async\" width=\"768\" height=\"1024\" src=\"https:\/\/www.domainedelepine.fr\/prod\/wp-content\/uploads\/2025\/05\/Promesse-CAP-Black-copie.png\" alt=\"bouteille de vin, cuv\u00e9e Promesse\" class=\"wp-image-238\" srcset=\"https:\/\/www.domainedelepine.fr\/wp-content\/uploads\/2025\/05\/Promesse-CAP-Black-copie.png 768w, https:\/\/www.domainedelepine.fr\/wp-content\/uploads\/2025\/05\/Promesse-CAP-Black-copie-225x300.png 225w\" sizes=\"auto, (max-width: 768px) 100vw, 768px\" \/><\/a><\/figure>\n\n\n\n<h5 class=\"wp-block-heading has-text-align-center\" style=\"margin-top:0px;margin-bottom:0px\">Promesse<\/h5>\n\n\n\n<p class=\"has-text-align-center\" style=\"margin-top:0px;margin-bottom:0px;padding-top:0px;padding-bottom:0px;font-size:12px\">Cuv\u00e9e d&rsquo;assemblage<\/p>\n<\/div>\n\n\n\n<div class=\"wp-block-uagb-container uagb-block-c4af48f9\">\n<figure class=\"wp-block-image size-full\" style=\"margin-bottom:0px\"><a href=\"#brave_open_popup_912\"><img loading=\"lazy\" decoding=\"async\" width=\"768\" height=\"1024\" src=\"https:\/\/www.domainedelepine.fr\/prod\/wp-content\/uploads\/2025\/05\/Preface-CAP-BLACK-copie.png\" alt=\"bouteille de vin, cuv\u00e9e Pr\u00e9face\" class=\"wp-image-235\" srcset=\"https:\/\/www.domainedelepine.fr\/wp-content\/uploads\/2025\/05\/Preface-CAP-BLACK-copie.png 768w, https:\/\/www.domainedelepine.fr\/wp-content\/uploads\/2025\/05\/Preface-CAP-BLACK-copie-225x300.png 225w\" sizes=\"auto, (max-width: 768px) 100vw, 768px\" \/><\/a><\/figure>\n\n\n\n<h5 class=\"wp-block-heading has-text-align-center\" style=\"margin-top:0px;margin-bottom:0px\">Pr\u00e9face<\/h5>\n\n\n\n<p class=\"has-text-align-center\" style=\"margin-top:0px;margin-bottom:0px;padding-top:0px;padding-bottom:0px;font-size:12px\">S\u00e9lection lieu-dit<\/p>\n<\/div>\n\n\n\n<div class=\"wp-block-uagb-container uagb-block-fc5c7b56\">\n<figure class=\"wp-block-image size-full\" style=\"margin-bottom:0px\"><a href=\"#brave_open_popup_915\"><img loading=\"lazy\" decoding=\"async\" width=\"768\" height=\"1024\" src=\"https:\/\/www.domainedelepine.fr\/prod\/wp-content\/uploads\/2025\/05\/Prelude-CAP-BLACK-copie.png\" alt=\"bouteille de vin, cuv\u00e9e Pr\u00e9lude\" class=\"wp-image-236\" srcset=\"https:\/\/www.domainedelepine.fr\/wp-content\/uploads\/2025\/05\/Prelude-CAP-BLACK-copie.png 768w, https:\/\/www.domainedelepine.fr\/wp-content\/uploads\/2025\/05\/Prelude-CAP-BLACK-copie-225x300.png 225w\" sizes=\"auto, (max-width: 768px) 100vw, 768px\" \/><\/a><\/figure>\n\n\n\n<h5 class=\"wp-block-heading has-text-align-center\" style=\"margin-top:0px;margin-bottom:0px\">Pr\u00e9lude<\/h5>\n\n\n\n<p class=\"has-text-align-center\" style=\"margin-top:0px;margin-bottom:0px;padding-top:0px;padding-bottom:0px;font-size:12px\">S\u00e9lection parcellaire<\/p>\n<\/div>\n\n\n\n<div class=\"wp-block-uagb-container uagb-block-4857947e\">\n<figure class=\"wp-block-image size-full\" style=\"margin-bottom:0px\"><a href=\"#brave_open_popup_917\"><img loading=\"lazy\" decoding=\"async\" width=\"768\" height=\"1024\" src=\"https:\/\/www.domainedelepine.fr\/prod\/wp-content\/uploads\/2025\/05\/Presage-CAP-BLACK-copie.png\" alt=\"bouteille de vin, cuv\u00e9e Pr\u00e9sage\" class=\"wp-image-237\" srcset=\"https:\/\/www.domainedelepine.fr\/wp-content\/uploads\/2025\/05\/Presage-CAP-BLACK-copie.png 768w, https:\/\/www.domainedelepine.fr\/wp-content\/uploads\/2025\/05\/Presage-CAP-BLACK-copie-225x300.png 225w\" sizes=\"auto, (max-width: 768px) 100vw, 768px\" \/><\/a><\/figure>\n\n\n\n<h5 class=\"wp-block-heading has-text-align-center\" style=\"margin-top:0px;margin-bottom:0px\">Pr\u00e9sage<\/h5>\n\n\n\n<p class=\"has-text-align-center\" style=\"margin-top:0px;margin-bottom:0px;padding-top:0px;padding-bottom:0px;font-size:12px\">Vinification sp\u00e9ciale en f\u00fbt de ch\u00eane<\/p>\n<\/div>\n<\/div><\/div>\n\n\n\n<div style=\"height:60px\" aria-hidden=\"true\" class=\"wp-block-spacer\"><\/div>\n\n\n\n<h1 class=\"wp-block-heading has-text-align-center\" id=\"lesvinsdefrance\" style=\"font-size:40px\">Les Vins de France<\/h1>\n\n\n\n<div class=\"wp-block-uagb-container uagb-block-b754072e alignfull uagb-is-root-container\"><div class=\"uagb-container-inner-blocks-wrap\">\n<div class=\"wp-block-uagb-container uagb-block-9e47aa1a\">\n<figure class=\"wp-block-image size-full\" style=\"margin-bottom:0px\"><a href=\"#brave_open_popup_919\"><img loading=\"lazy\" decoding=\"async\" width=\"768\" height=\"1024\" src=\"https:\/\/www.domainedelepine.fr\/prod\/wp-content\/uploads\/2025\/05\/Adam-copie.png\" alt=\"bouteille de vin, cuv\u00e9e Adam\" class=\"wp-image-232\" srcset=\"https:\/\/www.domainedelepine.fr\/wp-content\/uploads\/2025\/05\/Adam-copie.png 768w, https:\/\/www.domainedelepine.fr\/wp-content\/uploads\/2025\/05\/Adam-copie-225x300.png 225w\" sizes=\"auto, (max-width: 768px) 100vw, 768px\" \/><\/a><\/figure>\n\n\n\n<h5 class=\"wp-block-heading has-text-align-center\" style=\"margin-top:0px;margin-bottom:0px\">Adam<\/h5>\n\n\n\n<p class=\"has-text-align-center\" style=\"margin-top:0px;margin-bottom:0px;font-size:12px\">Rouge : souple et fruit\u00e9<\/p>\n<\/div>\n\n\n\n<div class=\"wp-block-uagb-container uagb-block-aeca226e\">\n<figure class=\"wp-block-image size-full\" style=\"margin-top:0px;margin-bottom:0px\"><a href=\"#brave_open_popup_921\"><img loading=\"lazy\" decoding=\"async\" width=\"768\" height=\"1024\" src=\"https:\/\/www.domainedelepine.fr\/prod\/wp-content\/uploads\/2025\/05\/Emma-copie.png\" alt=\"bouteille de vin, cuv\u00e9e Emma\" class=\"wp-image-234\" srcset=\"https:\/\/www.domainedelepine.fr\/wp-content\/uploads\/2025\/05\/Emma-copie.png 768w, https:\/\/www.domainedelepine.fr\/wp-content\/uploads\/2025\/05\/Emma-copie-225x300.png 225w\" sizes=\"auto, (max-width: 768px) 100vw, 768px\" \/><\/a><\/figure>\n\n\n\n<h5 class=\"wp-block-heading has-text-align-center\" style=\"margin-top:0px;margin-bottom:0px\">Emma<\/h5>\n\n\n\n<p class=\"has-text-align-center\" style=\"margin-top:0px;margin-bottom:0px;font-size:12px\">Ros\u00e9 : frais et fruit\u00e9<\/p>\n<\/div>\n\n\n\n<div class=\"wp-block-uagb-container uagb-block-11d254a3\">\n<figure class=\"wp-block-image size-full\" style=\"margin-top:0px;margin-bottom:0px\"><a href=\"#brave_open_popup_923\"><img loading=\"lazy\" decoding=\"async\" width=\"768\" height=\"1024\" src=\"https:\/\/www.domainedelepine.fr\/prod\/wp-content\/uploads\/2025\/05\/Bulles-de-Lili-ft-1.png\" alt=\"bouteille de vin, cuv\u00e9e Les Bulles de Lili\" class=\"wp-image-361\" srcset=\"https:\/\/www.domainedelepine.fr\/wp-content\/uploads\/2025\/05\/Bulles-de-Lili-ft-1.png 768w, https:\/\/www.domainedelepine.fr\/wp-content\/uploads\/2025\/05\/Bulles-de-Lili-ft-1-225x300.png 225w\" sizes=\"auto, (max-width: 768px) 100vw, 768px\" \/><\/a><\/figure>\n\n\n\n<h5 class=\"wp-block-heading has-text-align-center\" style=\"margin-top:0px;margin-bottom:0px;padding-top:0px;padding-bottom:0px\">Les Bulles de Lili<\/h5>\n\n\n\n<p class=\"has-text-align-center\" style=\"margin-top:0px;margin-bottom:0px;font-size:12px\">P\u00e9tillant : notes de fraise et framboise<\/p>\n<\/div>\n<\/div><\/div>\n\n\n\n<div style=\"height:200px\" aria-hidden=\"true\" class=\"wp-block-spacer\"><\/div>\n\n\n\n<p><\/p>\n","protected":false},"excerpt":{"rendered":"<p>Les vins AOC Quincy Promesse Cuv\u00e9e d&rsquo;assemblage Pr\u00e9face S\u00e9lection lieu-dit Pr\u00e9lude S\u00e9lection parcellaire Pr\u00e9sage Vinification sp\u00e9ciale en f\u00fbt de ch\u00eane [&hellip;]<\/p>\n","protected":false},"author":1,"featured_media":0,"parent":0,"menu_order":0,"comment_status":"closed","ping_status":"closed","template":"","meta":{"_uag_custom_page_level_css":"","site-sidebar-layout":"default","site-content-layout":"","ast-site-content-layout":"","site-content-style":"default","site-sidebar-style":"default","ast-global-header-display":"","ast-banner-title-visibility":"","ast-main-header-display":"","ast-hfb-above-header-display":"","ast-hfb-below-header-display":"","ast-hfb-mobile-header-display":"","site-post-title":"disabled","ast-breadcrumbs-content":"","ast-featured-img":"","footer-sml-layout":"","ast-disable-related-posts":"","theme-transparent-header-meta":"","adv-header-id-meta":"","stick-header-meta":"","header-above-stick-meta":"","header-main-stick-meta":"","header-below-stick-meta":"","astra-migrate-meta-layouts":"default","ast-page-background-enabled":"default","ast-page-background-meta":{"desktop":{"background-color":"var(--ast-global-color-5)","background-image":"","background-repeat":"repeat","background-position":"center center","background-size":"auto","background-attachment":"scroll","background-type":"","background-media":"","overlay-type":"","overlay-color":"","overlay-opacity":"","overlay-gradient":""},"tablet":{"background-color":"","background-image":"","background-repeat":"repeat","background-position":"center center","background-size":"auto","background-attachment":"scroll","background-type":"","background-media":"","overlay-type":"","overlay-color":"","overlay-opacity":"","overlay-gradient":""},"mobile":{"background-color":"","background-image":"","background-repeat":"repeat","background-position":"center center","background-size":"auto","background-attachment":"scroll","background-type":"","background-media":"","overlay-type":"","overlay-color":"","overlay-opacity":"","overlay-gradient":""}},"ast-content-background-meta":{"desktop":{"background-color":"var(--ast-global-color-4)","background-image":"","background-repeat":"repeat","background-position":"center center","background-size":"auto","background-attachment":"scroll","background-type":"","background-media":"","overlay-type":"","overlay-color":"","overlay-opacity":"","overlay-gradient":""},"tablet":{"background-color":"var(--ast-global-color-4)","background-image":"","background-repeat":"repeat","background-position":"center center","background-size":"auto","background-attachment":"scroll","background-type":"","background-media":"","overlay-type":"","overlay-color":"","overlay-opacity":"","overlay-gradient":""},"mobile":{"background-color":"var(--ast-global-color-4)","background-image":"","background-repeat":"repeat","background-position":"center center","background-size":"auto","background-attachment":"scroll","background-type":"","background-media":"","overlay-type":"","overlay-color":"","overlay-opacity":"","overlay-gradient":""}},"footnotes":""},"class_list":["post-22","page","type-page","status-publish","hentry"],"yoast_head":"<!-- This site is optimized with the Yoast SEO plugin v26.9 - https:\/\/yoast.com\/product\/yoast-seo-wordpress\/ -->\n<title>Les Vins -<\/title>\n<meta name=\"description\" content=\"Retrouvez nos diff\u00e9rentes cuv\u00e9es. Notre gammes de vin en AOC Quincy ainsi que notre gamme en Vin de France.\" \/>\n<meta name=\"robots\" content=\"index, follow, max-snippet:-1, max-image-preview:large, max-video-preview:-1\" \/>\n<link rel=\"canonical\" href=\"https:\/\/www.domainedelepine.fr\/index.php\/lesvins\/\" \/>\n<meta property=\"og:locale\" content=\"fr_FR\" \/>\n<meta property=\"og:type\" content=\"article\" \/>\n<meta property=\"og:title\" content=\"Les Vins -\" \/>\n<meta property=\"og:description\" content=\"Retrouvez nos diff\u00e9rentes cuv\u00e9es. Notre gammes de vin en AOC Quincy ainsi que notre gamme en Vin de France.\" \/>\n<meta property=\"og:url\" content=\"https:\/\/www.domainedelepine.fr\/index.php\/lesvins\/\" \/>\n<meta property=\"article:modified_time\" content=\"2026-02-13T10:00:14+00:00\" \/>\n<meta property=\"og:image\" content=\"https:\/\/www.domainedelepine.fr\/wp-content\/uploads\/2025\/05\/Promesse-CAP-Black-copie.png\" \/>\n\t<meta property=\"og:image:width\" content=\"768\" \/>\n\t<meta property=\"og:image:height\" content=\"1024\" \/>\n\t<meta property=\"og:image:type\" content=\"image\/png\" \/>\n<meta name=\"twitter:card\" content=\"summary_large_image\" \/>\n<meta name=\"twitter:label1\" content=\"Dur\u00e9e de lecture estim\u00e9e\" \/>\n\t<meta name=\"twitter:data1\" content=\"2 minutes\" \/>\n<script type=\"application\/ld+json\" class=\"yoast-schema-graph\">{\"@context\":\"https:\/\/schema.org\",\"@graph\":[{\"@type\":\"WebPage\",\"@id\":\"https:\/\/www.domainedelepine.fr\/index.php\/lesvins\/\",\"url\":\"https:\/\/www.domainedelepine.fr\/index.php\/lesvins\/\",\"name\":\"Les Vins -\",\"isPartOf\":{\"@id\":\"https:\/\/www.domainedelepine.fr\/#website\"},\"primaryImageOfPage\":{\"@id\":\"https:\/\/www.domainedelepine.fr\/index.php\/lesvins\/#primaryimage\"},\"image\":{\"@id\":\"https:\/\/www.domainedelepine.fr\/index.php\/lesvins\/#primaryimage\"},\"thumbnailUrl\":\"https:\/\/www.domainedelepine.fr\/prod\/wp-content\/uploads\/2025\/05\/Promesse-CAP-Black-copie.png\",\"datePublished\":\"2025-05-12T13:32:56+00:00\",\"dateModified\":\"2026-02-13T10:00:14+00:00\",\"description\":\"Retrouvez nos diff\u00e9rentes cuv\u00e9es. Notre gammes de vin en AOC Quincy ainsi que notre gamme en Vin de France.\",\"breadcrumb\":{\"@id\":\"https:\/\/www.domainedelepine.fr\/index.php\/lesvins\/#breadcrumb\"},\"inLanguage\":\"fr-FR\",\"potentialAction\":[{\"@type\":\"ReadAction\",\"target\":[\"https:\/\/www.domainedelepine.fr\/index.php\/lesvins\/\"]}]},{\"@type\":\"ImageObject\",\"inLanguage\":\"fr-FR\",\"@id\":\"https:\/\/www.domainedelepine.fr\/index.php\/lesvins\/#primaryimage\",\"url\":\"https:\/\/www.domainedelepine.fr\/wp-content\/uploads\/2025\/05\/Promesse-CAP-Black-copie.png\",\"contentUrl\":\"https:\/\/www.domainedelepine.fr\/wp-content\/uploads\/2025\/05\/Promesse-CAP-Black-copie.png\",\"width\":768,\"height\":1024,\"caption\":\"Frais et fruit\u00e9\"},{\"@type\":\"BreadcrumbList\",\"@id\":\"https:\/\/www.domainedelepine.fr\/index.php\/lesvins\/#breadcrumb\",\"itemListElement\":[{\"@type\":\"ListItem\",\"position\":1,\"name\":\"Accueil\",\"item\":\"https:\/\/www.domainedelepine.fr\/\"},{\"@type\":\"ListItem\",\"position\":2,\"name\":\"Les Vins\"}]},{\"@type\":\"WebSite\",\"@id\":\"https:\/\/www.domainedelepine.fr\/#website\",\"url\":\"https:\/\/www.domainedelepine.fr\/\",\"name\":\"\",\"description\":\"Domaine de l&#039;\u00c9pine\",\"potentialAction\":[{\"@type\":\"SearchAction\",\"target\":{\"@type\":\"EntryPoint\",\"urlTemplate\":\"https:\/\/www.domainedelepine.fr\/?s={search_term_string}\"},\"query-input\":{\"@type\":\"PropertyValueSpecification\",\"valueRequired\":true,\"valueName\":\"search_term_string\"}}],\"inLanguage\":\"fr-FR\"}]}<\/script>\n<!-- \/ Yoast SEO plugin. -->","yoast_head_json":{"title":"Les Vins -","description":"Retrouvez nos diff\u00e9rentes cuv\u00e9es. Notre gammes de vin en AOC Quincy ainsi que notre gamme en Vin de France.","robots":{"index":"index","follow":"follow","max-snippet":"max-snippet:-1","max-image-preview":"max-image-preview:large","max-video-preview":"max-video-preview:-1"},"canonical":"https:\/\/www.domainedelepine.fr\/index.php\/lesvins\/","og_locale":"fr_FR","og_type":"article","og_title":"Les Vins -","og_description":"Retrouvez nos diff\u00e9rentes cuv\u00e9es. Notre gammes de vin en AOC Quincy ainsi que notre gamme en Vin de France.","og_url":"https:\/\/www.domainedelepine.fr\/index.php\/lesvins\/","article_modified_time":"2026-02-13T10:00:14+00:00","og_image":[{"width":768,"height":1024,"url":"https:\/\/www.domainedelepine.fr\/wp-content\/uploads\/2025\/05\/Promesse-CAP-Black-copie.png","type":"image\/png"}],"twitter_card":"summary_large_image","twitter_misc":{"Dur\u00e9e de lecture estim\u00e9e":"2 minutes"},"schema":{"@context":"https:\/\/schema.org","@graph":[{"@type":"WebPage","@id":"https:\/\/www.domainedelepine.fr\/index.php\/lesvins\/","url":"https:\/\/www.domainedelepine.fr\/index.php\/lesvins\/","name":"Les Vins -","isPartOf":{"@id":"https:\/\/www.domainedelepine.fr\/#website"},"primaryImageOfPage":{"@id":"https:\/\/www.domainedelepine.fr\/index.php\/lesvins\/#primaryimage"},"image":{"@id":"https:\/\/www.domainedelepine.fr\/index.php\/lesvins\/#primaryimage"},"thumbnailUrl":"https:\/\/www.domainedelepine.fr\/prod\/wp-content\/uploads\/2025\/05\/Promesse-CAP-Black-copie.png","datePublished":"2025-05-12T13:32:56+00:00","dateModified":"2026-02-13T10:00:14+00:00","description":"Retrouvez nos diff\u00e9rentes cuv\u00e9es. Notre gammes de vin en AOC Quincy ainsi que notre gamme en Vin de France.","breadcrumb":{"@id":"https:\/\/www.domainedelepine.fr\/index.php\/lesvins\/#breadcrumb"},"inLanguage":"fr-FR","potentialAction":[{"@type":"ReadAction","target":["https:\/\/www.domainedelepine.fr\/index.php\/lesvins\/"]}]},{"@type":"ImageObject","inLanguage":"fr-FR","@id":"https:\/\/www.domainedelepine.fr\/index.php\/lesvins\/#primaryimage","url":"https:\/\/www.domainedelepine.fr\/wp-content\/uploads\/2025\/05\/Promesse-CAP-Black-copie.png","contentUrl":"https:\/\/www.domainedelepine.fr\/wp-content\/uploads\/2025\/05\/Promesse-CAP-Black-copie.png","width":768,"height":1024,"caption":"Frais et fruit\u00e9"},{"@type":"BreadcrumbList","@id":"https:\/\/www.domainedelepine.fr\/index.php\/lesvins\/#breadcrumb","itemListElement":[{"@type":"ListItem","position":1,"name":"Accueil","item":"https:\/\/www.domainedelepine.fr\/"},{"@type":"ListItem","position":2,"name":"Les Vins"}]},{"@type":"WebSite","@id":"https:\/\/www.domainedelepine.fr\/#website","url":"https:\/\/www.domainedelepine.fr\/","name":"","description":"Domaine de l&#039;\u00c9pine","potentialAction":[{"@type":"SearchAction","target":{"@type":"EntryPoint","urlTemplate":"https:\/\/www.domainedelepine.fr\/?s={search_term_string}"},"query-input":{"@type":"PropertyValueSpecification","valueRequired":true,"valueName":"search_term_string"}}],"inLanguage":"fr-FR"}]}},"uagb_featured_image_src":{"full":false,"thumbnail":false,"medium":false,"medium_large":false,"large":false,"1536x1536":false,"2048x2048":false},"uagb_author_info":{"display_name":"domaief","author_link":"https:\/\/www.domainedelepine.fr\/index.php\/author\/domaief\/"},"uagb_comment_info":0,"uagb_excerpt":"Les vins AOC Quincy Promesse Cuv\u00e9e d&rsquo;assemblage Pr\u00e9face S\u00e9lection lieu-dit Pr\u00e9lude S\u00e9lection parcellaire Pr\u00e9sage Vinification sp\u00e9ciale en f\u00fbt de ch\u00eane [&hellip;]","_links":{"self":[{"href":"https:\/\/www.domainedelepine.fr\/index.php\/wp-json\/wp\/v2\/pages\/22","targetHints":{"allow":["GET"]}}],"collection":[{"href":"https:\/\/www.domainedelepine.fr\/index.php\/wp-json\/wp\/v2\/pages"}],"about":[{"href":"https:\/\/www.domainedelepine.fr\/index.php\/wp-json\/wp\/v2\/types\/page"}],"author":[{"embeddable":true,"href":"https:\/\/www.domainedelepine.fr\/index.php\/wp-json\/wp\/v2\/users\/1"}],"replies":[{"embeddable":true,"href":"https:\/\/www.domainedelepine.fr\/index.php\/wp-json\/wp\/v2\/comments?post=22"}],"version-history":[{"count":91,"href":"https:\/\/www.domainedelepine.fr\/index.php\/wp-json\/wp\/v2\/pages\/22\/revisions"}],"predecessor-version":[{"id":1351,"href":"https:\/\/www.domainedelepine.fr\/index.php\/wp-json\/wp\/v2\/pages\/22\/revisions\/1351"}],"wp:attachment":[{"href":"https:\/\/www.domainedelepine.fr\/index.php\/wp-json\/wp\/v2\/media?parent=22"}],"curies":[{"name":"wp","href":"https:\/\/api.w.org\/{rel}","templated":true}]}}